232803?
8
What is the units digit of 45056315?
5
What is the ten thousands digit of 49535558?
3
What is the ten millions digit of 1717554794?
1
What is the ten thousands digit of 410273217?
7
What is the ten thousands digit of 634942084?
4
What is the units digit of 431898481?
1
What is the tens digit of 129617301?
0
What is the millions digit of 791644699?
1
What is the billions digit of 5198291733?
5
What is the hundred thousands digit of 216849179?
8
What is the units digit of 9969611?
1
What is the ten millions digit of 4995413626?
9
What is the thousands digit of 320000037?
0
What is the ten thousands digit of 147084674?
8
What is the thousands digit of 310028376?
8
What is the ten millions digit of 3467506181?
6
What is the ten thousands digit of 38902455?
0
What is the hundred millions digit of 4326712801?
3
What is the thousands digit of 224897633?
7
What is the ten millions digit of 327496705?
2
What is the ten millions digit of 2253851625?
5
What is the tens digit of 18582748?
4
What is the millions digit of 876120500?
6
What is the ten millions digit of 19415548?
1
What is the units digit of 3244580573?
3
What is the units digit of 1325999442?
2
What is the tens digit of 39964226?
2
What is the millions digit of 7005663219?
5
What is the ten millions digit of 5772904365?
7
What is the hundred thousands digit of 13171658?
1
What is the ten millions digit of 1021541940?
2
What is the thousands digit of 573209555?
9
What is the hundred thousands digit of 344574027?
5
What is the hundred thousands digit of 6450424?
4
What is the ten thousands digit of 94699232?
9
What is the ten thousands digit of 153780590?
8
What is the hundreds digit of 41710044?
0
What is the thousands digit of 44840984?
0
What is the tens digit of 249683748?
4
What is the hundreds digit of 40702903?
9
What is the thousands digit of 33822497?
2
What is the hundred thousands digit of 4125900?
1
What is the ten millions digit of 140763207?
4
What is the hundred millions digit of 896458305?
8
What is the units digit of 63469779?
9
What is the ten thousands digit of 3307234673?
3
What is the ten thousands digit of 314246917?
4
What is the units digit of 386522056?
6
What is the thousands digit of 417123807?
3
What is the millions digit of 652755874?
2
What is the units digit of 338974025?
5
What is the hundred millions digit of 123389198?
1
What is the units digit of 8183770?
0
What is the ten thousands digit of 5973981746?
8
What is the hundred thousands digit of 78676742?
6
What is the hundred millions digit of 183885212?
1
What is the billions digit of 1862831671?
1
What is the units digit of 125237472?
2
What is the tens digit of 79346223?
2
What is the ten millions digit of 151156400?
5
What is the hundreds digit of 78092146?
1
What is the hundred millions digit of 386365079?
3
What is the hundreds digit of 65696299?
2
What is the hundred millions digit of 706090834?
7
What is the ten thousands digit of 164047342?
4
What is the millions digit of 2485200?
2
What is the ten thousands digit of 28981837?
8
What is the hundred millions digit of 7357025988?
3
What is the millions digit of 466578031?
6
What is the ten thousands digit of 880993268?
9
What is the ten thousands digit of 4853089282?
8
What is the hundred thousands digit of 349870267?
8
What is the thousands digit of 70960754?
0
What is the hundreds digit of 1149042332?
3
What is the ten millions digit of 192466985?
9
What is the hundreds digit of 2400249951?
9
What is the billions digit of 3074692857?
3
What is the units digit of 4110232?
2
What is the tens digit of 4087199309?
0
What is the hundred thousands digit of 257680154?
6
What is the hundred millions digit of 320704135?
3
What is the tens digit of 299049038?
3
What is the ten thousands digit of 222083748?
8
What is the tens digit of 72857568?
6
What is the ten thousands digit of 12429596?
2
What is the thousands digit of 107293338?
3
What is the ten millions digit of 26335988?
2
What is the ten millions digit of 2552150162?
5
What is the ten millions digit of 1060197571?
6
What is the units digit of 16866852?
2
What is the units digit of 30262890?
0
What is the thousands digit of 85575084?
5
What is the hundred thousands digit of 53012382?
0
What is the billions digit of 3783923878?
3
What is the ten millions digit of 153991939?
5
What is the hundreds digit of 595884186?
1
What is the units digit of 366532976?
6
What is the ten thousands digit of 818012823?
1
What is the hundred millions digit of 7244795558?
2
What is the units digit of 148775109?
9
What is the billions digit of 1070054992?
1
What is the units digit of 2242671051?
1
What is the hundreds digit of 526705724?
7
What is the ten millions digit of 37942670?
3
What is the hundreds digit of 328338891?
8
What is the millions digit of 409882081?
9
What is the hundreds digit of 6621713?
7
What is the millions digit of 40473142?
0
What is the units digit of 20495545?
5
What is the millions digit of 506317266?
6
What is the hundred thousands digit of 47398906?
3
What is the ten thousands digit of 302411763?
1
What is the hundred thousands digit of 43383197?
3
What is the thousands digit of 53138865?
8
What is the ten thousands digit of 8425968?
2
What is the hundred thousands digit of 35237278?
2
What is the ten thousands digit of 102181276?
8
What is the hundred millions digit of 120470507?
1
What is the ten millions digit of 3869332552?
6
What is the millions digit of 39003430?
9
What is the tens digit of 769561?
6
What is the tens digit of 2861899885?
8
What is the hundred millions digit of 642727094?
6
What is the units digit of 144609835?
5
What is the hundreds digit of 954572812?
8
What is the tens digit of 1605280770?
7
What is the hundred millions digit of 187960619?
1
What is the hundred thousands digit of 320086980?
0
What is the ten millions digit of 177070480?
7
What is the ten millions digit of 619919732?
1
What is the hundred millions digit of 2793073209?
7
What is the hundred thousands digit of 125562515?
5
What is the millions digit of 217475770?
7
What is the thousands digit of 6198725330?
5
What is the hundred thousands digit of 168773195?
7
What is the tens digit of 297664437?
3
What is the millions digit of 85264112?
5
What is the hundred thousands digit of 781704668?
7
What is the thousands digit of 1122957699?
7
What is the hundreds digit of 258758040?
0
What is the millions digit of 43878486?
3
What is the ten millions digit of 150995623?
5
What is the ten millions digit of 149975680?
4
What is the millions digit of 473005998?
3
What is the thousands digit of 77385603?
5
What is the ten thousands digit of 12149352?
4
What is the tens digit of 50589124?
2
What is the millions digit of 139011162?
9
What is the hundred thousands digit of 253789833?
7
What is the tens digit of 4500332067?
6
What is the hundred thousands digit of 173824582?
8
What is the ten millions digit of 347450897?
4
What is the ten millions digit of 21951669?
2
What is the thousands digit of 377738837?
8
What is the billions digit of 2240569006?
2
What is the hundred millions digit of 111325249?
1
What is the units digit of 975786055?
5
What is the ten thousands digit of 370633?
7
What is the ten millions digit of 783898632?
8
What is the units digit of 114239951?
1
What is the thousands digit of 1482577754?
7
What is the millions digit of 57467339?
7
What is the ten thousands digit of 16817983?
1
What is the units digit of 223862415?
5
What is the hundred millions digit of 957944913?
9
What is the thousands digit of 174452375?
2
What is the millions digit of 1614018?
1
What is the millions digit of 4237162571?
7
What is the ten millions digit of 1050825893?
5
What is the tens digit of 58811245?
4
What is the hundreds digit of 1008386146?
1
What is the hundreds digit of 3493496465?
4
What is the units digit of 2595872730?
0
What is the hundred thousands digit of 2040005989?
0
What is the hundred millions digit of 404141763?
4
What is the hundreds digit of 111864578?
5
What is the hundred millions digit of 653250506?
6
What is the units digit of 244504265?
5
What is the tens digit of 15158033?
3
What is the thousands digit of 1761780642?
0
What is the millions digit of 429959024?
9
What is the ten mill